2840733?
3
What is the units digit of 481397?
7
What is the hundred thousands digit of 2436684?
4
What is the hundreds digit of 4868164?
1
What is the hundreds digit of 3842853?
8
What is the hundreds digit of 608029?
0
What is the ten thousands digit of 983530?
8
What is the tens digit of 1131021?
2
What is the ten thousands digit of 1637327?
3
What is the tens digit of 160574?
7
What is the ten millions digit of 22507018?
2
What is the units digit of 27327624?
4
What is the units digit of 7216578?
8
What is the hundred thousands digit of 1764655?
7
What is the thousands digit of 764795?
4
What is the units digit of 1305974?
4
What is the millions digit of 1322706?
1
What is the tens digit of 695693?
9
What is the ten thousands digit of 42918?
4
What is the millions digit of 1550499?
1
What is the hundreds digit of 387643?
6
What is the hundreds digit of 1655269?
2
What is the units digit of 1093465?
5
What is the units digit of 797125?
5
What is the thousands digit of 1709438?
9
What is the tens digit of 2235501?
0
What is the ten thousands digit of 5527035?
2
What is the hundreds digit of 254973?
9
What is the millions digit of 2595102?
2
What is the tens digit of 8027210?
1
What is the tens digit of 13609790?
9
What is the hundreds digit of 1553171?
1
What is the units digit of 8727982?
2
What is the thousands digit of 4937242?
7
What is the ten thousands digit of 666311?
6
What is the thousands digit of 428967?
8
What is the ten thousands digit of 12840499?
4
What is the units digit of 439991?
1
What is the ten thousands digit of 4531129?
3
What is the units digit of 3530539?
9
What is the ten thousands digit of 32793194?
9
What is the units digit of 3100926?
6
What is the hundreds digit of 1434034?
0
What is the units digit of 220924?
4
What is the millions digit of 15221326?
5
What is the hundred thousands digit of 126350?
1
What is the ten thousands digit of 179885?
7
What is the ten thousands digit of 618551?
1
What is the thousands digit of 2467660?
7
What is the hundred thousands digit of 21544672?
5
What is the tens digit of 743642?
4
What is the units digit of 194130?
0
What is the ten thousands digit of 103175?
0
What is the hundred thousands digit of 36046515?
0
What is the units digit of 449218?
8
What is the tens digit of 2069716?
1
What is the units digit of 412450?
0
What is the units digit of 446111?
1
What is the units digit of 606635?
5
What is the units digit of 19941245?
5
What is the tens digit of 325717?
1
What is the thousands digit of 80957?
0
What is the hundred thousands digit of 1897255?
8
What is the hundreds digit of 1503970?
9
What is the units digit of 27146067?
7
What is the thousands digit of 19373293?
3
What is the tens digit of 296909?
0
What is the tens digit of 1420597?
9
What is the ten thousands digit of 6442259?
4
What is the tens digit of 30944?
4
What is the ten thousands digit of 2772152?
7
What is the hundreds digit of 466161?
1
What is the thousands digit of 9527819?
7
What is the tens digit of 818310?
1
What is the units digit of 24292060?
0
What is the hundreds digit of 575482?
4
What is the units digit of 4737152?
2
What is the thousands digit of 6425848?
5
What is the millions digit of 3326548?
3
What is the hundred thousands digit of 199129?
1
What is the units digit of 99400?
0
What is the tens digit of 15841981?
8
What is the ten thousands digit of 1249839?
4
What is the hundreds digit of 522929?
9
What is the units digit of 2777096?
6
What is the ten thousands digit of 249375?
4
What is the tens digit of 228343?
4
What is the ten thousands digit of 4031504?
3
What is the hundreds digit of 264936?
9
What is the hundred thousands digit of 5890105?
8
What is the ten thousands digit of 398205?
9
What is the ten thousands digit of 244790?
4
What is the thousands digit of 805332?
5
What is the tens digit of 883848?
4
What is the ten thousands digit of 8506448?
0
What is the thousands digit of 132026?
2
What is the hundreds digit of 312895?
8
What is the millions digit of 5671126?
5
What is the hundreds digit of 200096?
0
What is the units digit of 276692?
2
What is the hundreds digit of 700685?
6
What is the thousands digit of 178156?
8
What is the hundred thousands digit of 489134?
4
What is the tens digit of 2449912?
1
What is the hundred thousands digit of 1176167?
1
What is the millions digit of 1121478?
1
What is the hundreds digit of 15486680?
6
What is the units digit of 20357675?
5
What is the hundreds digit of 10294973?
9
What is the thousands digit of 1102412?
2
What is the hundred thousands digit of 234173?
2
What is the ten thousands digit of 8667590?
6
What is the tens digit of 4216109?
0
What is the units digit of 9890492?
2
What is the thousands digit of 378667?
8
What is the hundreds digit of 58669?
6
What is the hundred thousands digit of 712029?
7
What is the hundred thousands digit of 3165600?
1
What is the tens digit of 666804?
0
What is the hundred thousands digit of 1593303?
5
What is the thousands digit of 166371?
6
What is the thousands digit of 417747?
7
What is the hundreds digit of 349477?
4
What is the ten millions digit of 23130171?
2
What is the hundreds digit of 1026533?
5
What is the units digit of 268610?
0
What is the units digit of 2390853?
3
What is the thousands digit of 57723?
7
What is the hundred thousands digit of 2188111?
1
What is the tens digit of 377980?
8
What is the hundreds digit of 1962502?
5
What is the units digit of 8053331?
1
What is the thousands digit of 1064780?
4
What is the ten thousands digit of 841559?
4
What is the ten thousands digit of 5608366?
0
What is the hundreds digit of 1366362?
3
What is the thousands digit of 331931?
1
What is the tens digit of 7361148?
4
What is the hundreds digit of 151684?
6
What is the hundreds digit of 3961457?
4
What is the units digit of 1469366?
6
What is the units digit of 192176?
6
What is the thousands digit of 27442?
7
What is the hundred thousands digit of 870342?
8
What is the tens digit of 799032?
3
What is the units digit of 80106?
6
What is the tens digit of 715024?
2
What is the millions digit of 13384460?
3
What is the ten thousands digit of 246787?
4
What is the tens digit of 85314?
1
What is the ten millions digit of 14065209?
1
What is the hundreds digit of 103088?
0
What is the millions digit of 5002960?
5
What is the tens digit of 267611?
1
What is the tens digit of 3819026?
2
What is the millions digit of 2950007?
2
What is the ten thousands digit of 8004932?
0
What is the hundreds digit of 17637668?
6
What is the millions digit of 7500376?
7
What is the hundreds digit of 108942?
9
What is the hundreds digit of 5392667?
6
What is the thousands digit of 1742533?
2
What is the thousands digit of 1334293?
4
What is the hundreds digit of 705403?
4
What is the hundreds digit of 8160?
1
What is the tens digit of 81648?
4
What is the tens digit of 32306?
0
What is the units digit of 342300?
0
What is the thousands digit of 2322309?
2
What is the hundreds digit of 676244?
2
What is the units digit of 41457?
7
What is the thousands digit of 254532?
4
What is the units digit of 91675?
5
What is the units digit of 593647?
7
What is the hundreds digit of 2479915?
9
What is the hundreds digit of 14632380?
3
What is the hundreds digit of 892549?
5
What is the units digit of 26745818?
8
What is the tens digit of 564552?
5
What is the units digit of 234961?
1
What is the ten thousands digit of 610326?
1
What is the units digit of 393670?
0
What is the millions digit of 1831212?
1
What is the millions digit of 7885531?
7
What is the units digit of 1660384?
4
What is the tens digit of 10984503?
0
What is the hundred thousands digit of 482319?
4
What is the hundred thousands digit of 462522?
4
What is the ten thousands digit of 2593755?
9
What is the units digit of 309031?
1
What is the ten thousands digit of 50806?
5
What is the ten thousands digit of 2495741?
9
What is the units digit of 337207?
7
What is the tens digit of 8557?
5
What is the units digit of 136081?
1
What is the millions digit of 1301339?
1
What is the ten thousands digit of 33461405?
6
What is the hundred thousands digit of 228913?
2
What is the ten thousands digit of 3768019?
6
What is the tens digit of 4733131?
3
What is the